ivisor of 93 and 1054?
31
What is the highest common factor of 99 and 1251?
9
What is the greatest common divisor of 923 and 284?
71
Calculate the greatest common divisor of 121 and 22.
11
What is the greatest common divisor of 2740 and 20?
20
Calculate the greatest common factor of 10 and 90.
10
Calculate the greatest common divisor of 6 and 32.
2
What is the highest common divisor of 175 and 825?
25
Calculate the highest common factor of 234 and 1746.
18
What is the highest common divisor of 2544 and 96?
48
Calculate the highest common divisor of 50 and 2.
2
Calculate the highest common divisor of 552 and 168.
24
Calculate the highest common divisor of 1125 and 40.
5
What is the highest common factor of 3075 and 75?
75
What is the greatest common divisor of 288 and 80?
16
What is the greatest common divisor of 435 and 8555?
145
What is the highest common divisor of 5678 and 34?
34
What is the greatest common factor of 3861 and 2079?
297
What is the highest common divisor of 5 and 85?
5
Calculate the greatest common factor of 90 and 2925.
45
Calculate the greatest common divisor of 546 and 1456.
182
What is the highest common divisor of 3 and 5028?
3
What is the highest common factor of 65546 and 26?
26
Calculate the highest common divisor of 1221 and 66.
33
Calculate the highest common divisor of 231 and 378.
21
What is the highest common factor of 6 and 219?
3
What is the greatest common divisor of 132 and 220?
44
Calculate the highest common divisor of 64 and 1376.
32
Calculate the greatest common divisor of 720 and 648.
72
Calculate the greatest common divisor of 7966 and 14.
14
What is the greatest common factor of 132 and 8822?
22
Calculate the highest common divisor of 40 and 3240.
40
Calculate the greatest common factor of 100 and 300.
100
What is the highest common divisor of 3162 and 408?
102
Calculate the greatest common divisor of 268 and 21038.
134
Calculate the highest common divisor of 48 and 5584.
16
Calculate the highest common factor of 924 and 420.
84
Calculate the greatest common divisor of 1333 and 43.
43
What is the greatest common factor of 42 and 870?
6
Calculate the highest common factor of 225 and 200.
25
Calculate the highest common divisor of 75 and 3225.
75
Calculate the greatest common factor of 48 and 208.
16
What is the highest common factor of 38 and 608?
38
What is the greatest common factor of 84 and 60?
12
What is the highest common factor of 62 and 2294?
62
What is the greatest common factor of 980 and 9212?
196
What is the highest common factor of 646 and 38?
38
Calculate the highest common factor of 27 and 72.
9
What is the highest common divisor of 261 and 174?
87
What is the greatest common divisor of 5 and 25?
5
Calculate the greatest common divisor of 472 and 8.
8
Calculate the greatest common divisor of 560 and 105.
35
What is the highest common divisor of 1211 and 21?
7
What is the highest common divisor of 2722 and 2?
2
Calculate the greatest common divisor of 2573 and 83.
83
What is the greatest common factor of 98 and 5439?
49
Calculate the highest common factor of 10428 and 66.
66
What is the highest common factor of 6 and 24?
6
What is the highest common factor of 3608 and 704?
88
Calculate the highest common divisor of 3 and 389.
1
What is the greatest common factor of 632 and 237?
79
What is the highest common factor of 32618 and 94?
94
What is the greatest common factor of 2420 and 60?
20
Calculate the highest common divisor of 1458 and 24.
6
Calculate the highest common divisor of 7 and 49.
7
Calculate the greatest common divisor of 7 and 133.
7
Calculate the highest common factor of 63 and 21.
21
What is the highest common divisor of 410 and 10?
10
Calculate the highest common divisor of 150 and 120.
30
What is the greatest common divisor of 45 and 25?
5
What is the highest common divisor of 100 and 1250?
50
What is the highest common divisor of 10 and 1790?
10
What is the greatest common divisor of 323 and 136?
17
Calculate the highest common divisor of 1026 and 304.
38
What is the highest common factor of 3675 and 210?
105
What is the greatest common factor of 187 and 517?
11
What is the highest common divisor of 7543 and 19?
19
Calculate the greatest common divisor of 13 and 559.
13
What is the greatest common divisor of 588 and 9?
3
Calculate the greatest common factor of 96 and 2400.
96
What is the highest common divisor of 841 and 58?
29
Calculate the highest common divisor of 50 and 8700.
50
What is the greatest common factor of 1292 and 190?
38
What is the greatest common factor of 41 and 1?
1
Calculate the greatest common factor of 292 and 6862.
146
Calculate the highest common factor of 15 and 360.
15
What is the greatest common factor of 496 and 16?
16
What is the greatest common divisor of 111 and 1295?
37
Calculate the greatest common factor of 90 and 165.
15
What is the highest common factor of 1840 and 1955?
115
What is the highest common factor of 935 and 85?
85
What is the greatest common divisor of 6052 and 68?
68
What is the greatest common divisor of 2057 and 4301?
187
What is the highest common factor of 12 and 174?
6
Calculate the greatest common divisor of 282 and 6.
6
What is the highest common factor of 38 and 10?
2
Calculate the highest common factor of 7 and 427.
7
Calculate the greatest common factor of 9 and 381.
3
Calculate the greatest common divisor of 1215 and 180.
45
What is the highest common factor of 38 and 323?
19
Calculate the highest common factor of 108 and 3780.
108
What is the greatest common factor of 9483 and 58?
29
What is the greatest common factor of 111 and 3293?
37
Calculate the highest common factor of 60 and 60.
60
What is the greatest common divisor of 100 and 15?
5
Calculate the highest common divisor of 77131 and 137.
137
Calculate the greatest common divisor of 9 and 8460.
9
Calculate the greatest common divisor of 2304 and 1872.
144
What is the greatest common divisor of 16384 and 256?
256
Calculate the greatest common factor of 11 and 2.
1
Calculate the highest common divisor of 18 and 1152.
18
Calculate the greatest common divisor of 420 and 1785.
105
Calculate the highest common divisor of 1325 and 25.
25
Calculate the greatest common divisor of 1128 and 6.
6
What is the greatest common factor of 186 and 248?
62
What is the greatest common divisor of 636 and 240?
12
Calculate the greatest common factor of 13 and 689.
13
What is the highest common divisor of 40 and 24?
8
What is the highest common divisor of 732 and 108?
12
What is the highest common divisor of 1456 and 1008?
112
What is the highest common divisor of 4779 and 177?
177
Calculate the greatest common factor of 720 and 80.
80
Calculate the greatest common factor of 9156 and 126.
42
What is the greatest common factor of 53 and 45421?
53
Calculate the greatest common divisor of 28288 and 221.
221
What is the highest common divisor of 221 and 208?
13
Calculate the highest common divisor of 516 and 4515.
129
What is the greatest common factor of 32 and 936?
8
Calculate the highest common factor of 92 and 253.
23
What is the highest common divisor of 17825 and 150?
25
What is the highest common divisor of 22 and 20317?
11
Calculate the highest common factor of 6 and 75.
3
What is the greatest common divisor of 5 and 170?
5
What is the highest common divisor of 143 and 247?
13
What is the greatest common divisor of 133 and 38?
19
What is the greatest common divisor of 147 and 1848?
21
What is the greatest common divisor of 4445 and 875?
35
What is the greatest common divisor of 73 and 73?
73
Calculate the greatest common factor of 88 and 341.
11
What is the greatest common divisor of 102 and 918?
102
What is the highest common factor of 1 and 2174?
1
What is the greatest common factor of 7 and 4?
1
What is the greatest common divisor of 220 and 132?
44
Calculate the greatest common divisor of 33153 and 129.
129
Calculate the greatest common factor of 209 and 57.
19
Calculate the greatest common divisor of 324 and 1863.
81
What is the greatest common divisor of 228 and 1083?
57
Calculate the greatest common divisor of 117 and 9880.
13
What is the highest common factor of 1843 and 342?
19
Calculate the greatest common divisor of 19325 and 25.
25
Calculate the highest com